prime factors of v(a)?
3
Let z(w) = w + 17. Let n(a) = a + 0*a - 7*a**2 - a**2. Let k be n(1). List the prime factors of z(k).
2, 5
Let p(f) = -f**3 - 3*f**2 + 5*f. Let m be p(-5). Let b = m - 18. List the prime factors of b.
7
Let n(k) = -3*k + 4*k**2 + 0*k**3 - 2*k**3 + k**3. Let z be n(2). Suppose g - 4*s = 4*g - 16, 0 = z*g - s - 18. List the prime factors of g.
2
Let j(u) = -u**3 - 5*u**2 + 3*u + 12. What are the prime factors of j(-6)?
2, 3, 5
Suppose -3*a = 2*k - 19, 5*a - 30 = -0*a - 3*k. Suppose -p - a = 1. List the prime factors of (-6)/p*8/3.
2
Let y(c) = -c**2 - 12*c - 27. List the prime factors of y(-5).
2
Let i(o) = 5*o**3 - o**2 - 3*o + 2. List the prime factors of i(2).
2
Suppose 2 - 5 = -3*k. Let i(y) = y**3 - 3*y**2 + y - 1. Let m be i(3). What are the prime factors of 11/(-1*(k - m))?
11
Let s(r) = r**2 - 8*r - 6. List the prime factors of s(-15).
3, 113
Let c(h) = -h**3 - 5*h**2 + 8*h + 3. Let z be c(-7). Suppose -5*y = -z - 35. Let v = -3 + y. What are the prime factors of v?
13
Let q be (14/(-3))/((-2)/3). Suppose -3*p + q*p = 112. List the prime factors of p.
2, 7
Suppose -2*x + 12*x = 1140. List the prime factors of x.
2, 3, 19
Let t(b) = -b**3 + 14*b**2 - 21*b - 5. List the prime factors of t(11).
127
Suppose -3*c - 141 = -6*c. Suppose -3*u = -13 - c. Suppose -u = -2*t + 4*s, -4*s - 40 = -0*t - 4*t. List the prime factors of t.
2, 5
Suppose -3*k = -2*b - 492, -5*k + 807 = 3*b - 2*b. Let i be k/30 + (-4)/10. Suppose -3*w - i = -29. List the prime factors of w.
2
Suppose -5*q = -5*u - 315, u = -2*q - 1 + 142. List the prime factors of q.
2, 17
Let v(q) = -4*q - 12. Let d be v(-6). Suppose 0 = -2*w + 3*w - d. What are the prime factors of w?
2, 3
Let u(b) = b**3 + b**2 - 2*b. Let z be u(-2). Suppose 4*n = -2*r + 30, 3*n = -z*n + 4*r + 39. List the prime factors of n.
3
Let r(a) = -a - 1. Let p(u) = -12*u + 2. Let m(w) = p(w) - 2*r(w). List the prime factors of m(-5).
2, 3
Suppose 23 = 5*w - 107. List the prime factors of w.
2, 13
Suppose 0 = -4*c + 3*c + 7. Suppose -5*w = c - 22. List the prime factors of w/(-12) - (-42)/8.
5
Let d(n) = -3*n**3 + n + 1. Let m be d(-1). Let x(w) = 10 - w**m + 5*w**2 - 3 - 11*w**2 - 4*w. List the prime factors of x(-5).
2
Let c = -111 + 219. List the prime factors of c.
2, 3
Let y be (-145)/(-20) - (-1)/(-4). Let v(m) = -m**2 + 7*m + 3. What are the prime factors of v(y)?
3
Let r(v) = -2*v**3 - 4*v**2 + 2*v + 4. List the prime factors of r(-3).
2
List the prime factors of 405/(-6)*((-32)/10 + 2).
3
Let j(z) = -16*z**3 + 2*z**2 + 2*z + 3. Let v be j(-2). Suppose i = -4*i + v. List the prime factors of i.
3
Suppose -150 = -4*c + 2. What are the prime factors of c?
2, 19
What are the prime factors of (0 - (-59)/1)/1?
59
Suppose 5*t + 9 + 55 = 3*m, -3*m - 3*t + 24 = 0. List the prime factors of m.
13
Let s be 6 + 2 + -2 - 2. List the prime factors of (-22)/(-2) + s + -4.
11
Let x(d) = 3*d**2 - d + 13. What are the prime factors of x(-6)?
127
Let v(k) = k**3 + 7*k**2 + 3*k - 6. Let p = 1 + -7. What are the prime factors of v(p)?
2, 3
Let p be (-4 + 1)*(-31 + 1). Let a = p - 44. List the prime factors of a.
2, 23
Let i be (24/15)/(2/65). Suppose 3*c = -5*t + 119, -2*c = -2*t - c + i. Suppose -5*u = -t - 5. What are the prime factors of u?
2, 3
What are the prime factors of 14/(-1 - 0)*(-150)/20?
3, 5, 7
Suppose 0 = -5*j + 10, -4*j = 2*v - 3 - 9. Suppose 8 + 20 = -v*p. What are the prime factors of (-130)/p + 2/(-7)?
3
Suppose -6*s + 4*s = -278. What are the prime factors of s?
139
Suppose -2*l = -3*o - 462 - 356, 1227 = 3*l - 5*o. What are the prime factors of l?
409
Let m(k) = 2*k + 12. List the prime factors of m(0).
2, 3
Suppose 0 = -2*k, k + 7 - 3 = 4*t. Suppose -t - 5 = -2*s. List the prime factors of s.
3
Suppose -4*n = -4*f - 72, -5*n = 4*f + 8 + 19. Let y = f - -44. List the prime factors of y.
31
Let q be (1 + 3 + -6)*1. Let s be (1*(-4 + -2))/q. Suppose -4*z + 5 = -s. What are the prime factors of z?
2
Let n(s) = 7*s**3 + s. Let f = 3 + 5. Suppose 4*k - 5*t + 1 = 0, 4*t + 4 - f = 0. What are the prime factors of n(k)?
2
Suppose 3*k - 61 = -5*d, -2*k + 2*d + d = -66. List the prime factors of (k/6)/(1/2).
3
Let z(p) = p**2 + 15*p + 8. List the prime factors of z(-15).
2
Suppose 5*n + j = 93, -30 = -n - j - 3*j. List the prime factors of n.
2, 3
Let z = -4 - -6. What are the prime factors of ((-60)/75)/(z/(-80))?
2
Let d = 137 + -44. List the prime factors of d.
3, 31
Suppose 112 = 2*o - o. Suppose s = 2*d - 46, -2*s = 4*d + s - o. What are the prime factors of d?
5
Suppose 3*c = -4 - 5, -c + 9 = 2*t. What are the prime factors of t?
2, 3
Suppose -2*g + 15 = 7. Let i = -8 + 13. Suppose 0 = -3*c + j + 17, g*j - 44 = c - i*c. What are the prime factors of c?
7
Let f be (-7)/(-3) + (-1)/3. Let l be (-16)/(-56) - (-12)/7. List the prime factors of f/(4/l) + 3.
2
Let w(s) = -s**2 + 5*s - 3. List the prime factors of w(3).
3
Let u(p) = -16*p**3 + p - 3. What are the prime factors of u(-2)?
3, 41
Let u be (1 + 0)/((-3)/(-6)). What are the prime factors of (u + -1)*(-85)/(-5)?
17
Suppose 104 = -2*b + 698. List the prime factors of b.
3, 11
Let m(s) = 49*s**2 + 2*s - 1. What are the prime factors of m(1)?
2, 5
Suppose 2*n + 7 = 33. Suppose -n = -5*m + 17. Suppose 2*d - m = -2*l, -2*d - 3*d = l + 1. What are the prime factors of l?
2
Let f = 0 + 3. Let d = f + 9. Let j = d + -3. What are the prime factors of j?
3
Let w(b) = 0 + b + 8 - 1. Let v be w(-7). Suppose v*l - 3*l + 24 = 0. What are the prime factors of l?
2
Let k = -16 - -7. Let i = -11 - k. What are the prime factors of (-3 + 0)*(-1 + i)?
3
Suppose y + 5*i - 37 = -9, 4*i + 70 = 2*y. List the prime factors of y.
3, 11
Let s(a) = -1 + 9*a - 6 - a**2 + 0*a**2 - 1. What are the prime factors of s(6)?
2, 5
Let y(m) = -m**3 + 12*m**2 + m + 15. What are the prime factors of y(11)?
3, 7
Suppose 8 + 8 = 2*r. What are the prime factors of r?
2
List the prime factors of (-1572)/(-9) + 2/6.
5, 7
Let z(f) = 0*f**2 + 8*f**2 - 2*f**2. List the prime factors of z(1).
2, 3
Let c = 9 + -6. Suppose -12 = 4*s, 0 = -y - y + c*s + 21. Suppose k - 2*o = -y, -k + 3*o = 3*k - 1. List the prime factors of k.
2
Let i = -18 + 34. Suppose 5*q + 25 = t, -3*q = q - i. What are the prime factors of t?
3, 5
Let l(b) = b**2 - 2*b + 3. Let w(g) = 2*g**2 + 13*g + 8. Let a be w(-6). List the prime factors of l(a).
3
Suppose 7 = -4*p + 2*i + i, 2*p + 16 = 4*i. Suppose 16 = p*z + 5*d, -3*z + d + 24 = -0*z. Let o = z - 3. List the prime factors of o.
5
Suppose 5*j + a = 838, 2*j + a - 332 = -a. List the prime factors of j.
2, 3, 7
Suppose -u = 3*o + o - 363, -o + 81 = -3*u. List the prime factors of o.
2, 3, 5
Let u(d) = d**2 + 9*d - 6. Let y be u(-10). Let t(w) = w - y + 3 - 6*w. What are the prime factors of t(-2)?
3
Let r(b) = -2*b - 6. Let m be r(-4). Suppose 0 = m*p - 28 - 58. What are the prime factors of 4/18 - p/(-9)?
5
Let b = 5 - 2. Let v = b - 0. What are the prime factors of v?
3
Let y(l) = l**2 + 1 + 7*l + 1 + 0. List the prime factors of y(-7).
2
Let z(m) = 36*m - 2. Let u be z(1). Let v = u + 14. What are the prime factors of v?
2, 3
Suppose 4*q - 3*u = -2*u + 217, -2*q = -5*u - 131. List the prime factors of q.
53
Let m be (-30)/(-4)*(-2)/(-3). Let n be (-1*1)/(-6 + m). Let j(b) = 11*b**2 + b - 1. What are the prime factors of j(n)?
11
Let k(d) be the third derivative of 1/8*d**4 - 2*d**2 + 0 + 0*d - 1/3*d**3 + 1/60*d**5. List the prime factors of k(-5).
2
Let x = 1 + 12. Let p = x + 5. What are the prime factors of p?
2, 3
Let y(d) = 6*d - 2. Suppose 3*j + 5 = 5*m - m, -5*m = -4*j - 5. Let u be y(j). Let s = -8 + u. What are the prime factors of s?
2, 5
Suppose -2*b = 2*b + 48. Let p(g) = g**2 - 3*g + 7. Let m be p(6). Let z = b + m. List the prime factors of z.
13
Let g(v) = -2*v**3 - 2*v + 1. Let w be g(1). Let u = -8 - -19. List the prime factors of (-3)/(w/u) - 3.
2
Let j be 0/((-3)/3 + 2). Suppose -5*x = -r + 13, -r - 4*x + 2 - 7 = j. Suppose -d = r*z - 8, 0*d - d = 1. List the prime factors of z.
3
Let p be (0*(-1 - 0))/(-3). Suppose p = 2*v - 1 - 1. Suppose -5*d - 3*i + 63 = 0, -2*d - 5*i + 11 = v. What are the prime factors of d?
3, 5
What are the prime factors of (37/3)/((-2)/(-12))?
2, 37
Let k = 404 + -160. List the prime factors of k.
2, 61
Let